
-3 + (1 - (-2 - -1)) + -2
-3
Calculate (6 - 20) + (-24 - -39).
1
-4 + 4 + -4 - -4
0
(23 - 19) + (-10 - -2) - 1
-5
What is (-3 - -2) + (3 - (0 - -4))?
-2
What is the value of 10 + (5 + -7 + 4 - 3)?
9
Calculate -5 - -8 - (1 - -2).
0
Evaluate -4 - (5 - 13 - -3).
1
Evaluate -5 - (6 - (21 - 5)).
5
1 - 5 - (1 + 5 + -5)
-5
Evaluate 5 + -4 + (-1 - 1) - -10.
9
0 + -3 + -2 + -2
-7
Evaluate (-9 + 12 - 7) + -3.
-7
Calculate 40 - 40 - (-9 - -1).
8
What is the value of (7 + -1 - 5) + -3?
-2
Evaluate 1 + -2 - (-13 - -14).
-2
Calculate -4 - (5 - (7 - 2)).
-4
Calculate (-2 - 0) + -12 + 8.
-6
Calculate -19 + 22 + -3 + -1.
-1
What is (-4 - (1 + -5)) + 4?
4
Evaluate 8 + -3 + -8 - -9.
6
What is the value of (1 - (-3 + 1 + 2)) + 2?
3
Evaluate -40 + 33 - (0 - 9).
2
What is -8 - (-6 + (4 - (-3 + 2)))?
-7
9 + -7 + 0 + 1 - 8
-5
Calculate 0 - (1 + 3 + -2).
-2
Evaluate (-2 + -1 - -7) + 0 + -2.
2
What is the value of 2 - 7 - (0 + -10)?
5
What is 3 + -9 + (11 - 7)?
-2
What is -6 + (-14 + 11 - (-5 - -5))?
-9
Calculate -3 - (-6 + 6 - 2).
-1
What is -2 + (-3 - (-4 - 0))?
-1
Calculate (3 + 1 + 0 - -1) + -11.
-6
Calculate 2 - (-1 - (-1 - 5)) - 1.
-4
(-4 - (-4 - 0)) + 0 + -1
-1
What is the value of 1 + 5 + (15 - 20)?
1
What is the value of 0 + 0 + -8 + (40 - 37)?
-5
What is the value of (-7 - (-2 - -2)) + 4?
-3
-6 - (-28 + -13 + 26)
9
5 - (5 - (-3 + 5))
2
-27 + 21 + (-2 - -3)
-5
Calculate (-2 - 1 - -9) + (-4 - 0).
2
(4 - 2) + (-10 - -3) + 3
-2
What is (-1 - 2) + (18 - 15)?
0
Evaluate -5 + 13 + (6 - 14).
0
What is 6 - (11 - 5 - 4)?
4
Calculate 2 - 1 - (-13 - -9).
5
What is -1 - ((-3 - 3) + 1)?
4
Evaluate 10 + (-2 - 1) - 7.
0
Evaluate (11 - 3) + -17 + 15.
6
What is 1 + (-2 - -3) + -1 - -1?
2
Calculate -16 + 21 + 0 + (2 - 6).
1
Calculate (1 - 8) + 7 + 4.
4
What is (7 - 0) + (-3 - 6)?
-2
What is the value of (6 - (1 + 1)) + (-1 - 1)?
2
What is 0 + 3 - (-3 - (-2 + -1))?
3
What is the value of 3 + 0 - (26 - 25)?
2
Calculate -118 - -104 - ((-1 - 1) + -3).
-9
What is the value of -10 + (2 - 0) + 4 - -6?
2
What is the value of (5 - 3) + 0 + -6 - -9?
5
What is the value of (9 - 20 - -9) + -3?
-5
What is 2 + 9 + -13 + (3 - -1)?
2
-3 + (-4 - (-4 - 3))
0
What is the value of -1 + (3 - (3 - -1)) - -4?
2
Evaluate -3 - (-1 + (-6 - 0)).
4
What is the value of -6 + (-7 - -13) - (-1 - 2)?
3
Evaluate -8 - (-7 - (0 + -4)).
-5
What is -4 + (-14 - (-11 + -2))?
-5
5 + -8 - (-2 + 4 - 7)
2
Evaluate (-2 - (2 + -2)) + 4.
2
Calculate 15 + -12 + (0 - -1) + 1.
5
Calculate 0 - (-7 + (3 - -3)).
1
What is the value of (3 - -1) + 26 + -28?
2
What is -6 + (8 - 11) + (2 - 1)?
-8
-3 + 17 + 0 + (-6 - 0)
8
Evaluate 0 + 0 - (18 - 21).
3
What is the value of 4 + 5 + (-2 - 4)?
3
-1 - -2 - ((2 - -7) + -7)
-1
What is -2 + -2 + 3 + -3 + 0?
-4
(9 - (0 + -2)) + -5 - 12
-6
Evaluate 12 + -5 + -2 + 1 + -7.
-1
What is -11 - (-1 - 10) - (-4 - 2)?
6
What is the value of 5 - ((-7 - -15) + -6 - -4)?
-1
Calculate -3 + -3 + (-3 + 5 - -1).
-3
Evaluate -8 + 2 + -1 + -4.
-11
Calculate -3 + (-1 + -5 - -6).
-3
-5 + 17 + -13 + 8
7
What is -2 + 2 + -4 + (0 - -3)?
-1
Evaluate 1 + 1 + 1 + -1 + 2.
4
What is the value of (0 - 2) + -2 - (13 + -13)?
-4
(-1 + 0 - (9 - 6)) + -5
-9
Calculate -2 + (-3 + 2 - -7) - 8.
-4
What is the value of -2 - 1 - 1 - -8?
4
Evaluate 3 + 1 - 2 - (-5 - -6).
1
(4 - 2 - 5) + (3 - -2)
2
Evaluate -2 - (5 - (3 + 0 + 0)).
-4
0 - -5 - (-50 + 57)
-2
(5 - (1 - 2)) + 17 + -20
3
What is the value of 0 + -2 - 2 - 1?
-5
Evaluate -5 - (-8 + 0 + -5).
8
What is 1 + -5 + 0 + 1?
-3
What is the value of (-1 - 3) + 2 - -6?
4
Calculate 0 - 4 - (3 + (1 - 5)).
-3
Evaluate 11 + -2 + -2 + -4.
3
(-4 - (-2 + -2)) + (-3 - -4)
1
Evaluate (-5 - (0 - 4)) + -1.
-2
What is the value of 1 + -2 - (-75 + 77)?
-3
What is 2 + 1 + -7 + 3?
-1
Evaluate 3 - 4 - -6 - 7.
-2
Calculate -12 + (14 - -10) + -19.
-7
Evaluate (1 - 5 - -1) + -1.
-4
Evaluate (-5 - 0 - 0) + -19 + 24.
0
What is -11 + 3 - (-8 - 0 - -4)?
-4
What is -1 - -3 - (4 - 4 - 3)?
5
What is the value of -14 - -11 - -12 - 0?
9
Evaluate (-2 - 7) + 6 + 2.
-1
What is the value of -22 + 11 - -5 - (-13 - -1)?
6
1 + -4 - (-3 + 3 - 5)
2
What is the value of 0 + (-7 + 5 - -1)?
-1
What is the value of 3 - (-4 - (-21 - -2 - -4))?
-8
Evaluate 2 + 0 + -6 + 3 + -7.
-8
Calculate -5 + (3 - -1) - 4.
-5
Calculate 7 + -9 + 1 + 2.
1
Calculate 1 - -3 - 1 - 2.
1
What is the value of -13 + 6 + 13 - 4 - -7?
9
Evaluate -5 + (0 + 5 - (-19 + 18)).
1
Calculate 3 + -1 + 1 + -6.
-3
What is (-1 - -1) + 2 - (2 + -4)?
4
What is -5 - (3 + -4 + 1)?
-5
(-6 - -9) + (-3 - 1)
-1
Calculate 1 - (-9 + 5) - (8 + -2).
-1
Evaluate (5 - -2) + (-4 - 0).
3
What is (6 - (-4 + 6)) + 0?
4
Calculate (2 + 1 - 6) + 8.
5
-5 - -3 - 2 - -5
1
What is -3 + ((1 - 2) + -2 - -4)?
-2
What is (-11 - -4) + 10 - 2?
1
Evaluate 5 + (-7 - (1 + 0 + -3)).
0
Calculate -2 + -2 + (7 - -1).
4
What is the value of -5 + -1 - (3 - (7 - 2))?
-4
-2 - (11 - 4 - 11)
2
What is the value of 3 + -16 + 17 + -5 + 1?
0
What is the value of 19 + -20 + 1 + -4 + 2?
-2
Calculate (6 - 9) + 6 - 3.
0
What is -2 + 5 + 5 + -5?
3
Evaluate (1 - ((-1 - -3) + 0)) + -3.
-4
What is 4 + -8 + 0 - -1?
-3
-35 + 37 - (3 - 9)
8
-8 + 11 + -4 + -6 + 1
-6
(4 - (-3 - -2)) + (79 - 90)
-6
Evaluate -9 - ((-4 - -2) + 0 - 2).
-5
What is (1 - -2) + -1 + (-21 - -24)?
5
Evaluate (0 - 8) + (-11 - -8 - -6).
-5
Calculate -5 + -3 + (0 - -7).
-1
What is -1 - 2 - (12 - 19)?
4
What is 2 + -10 - (-2 + 3 - 5)?
-4
Evaluate 14 + (8 - 18) - (0 - -6).
-2
Evaluate (-5 - -2 - -2) + 3 - -3.
5
Evaluate 3 - (1 + 2) - (1 - 1).
0
What is (-1 - -5) + -3 + -3 + 3?
1
Calculate 9 + -3 - (39 + -32).
-1
Evaluate -5 + -1 + 7 + -2.
-1
(0 - -2) + 0 - (42 + -36)
-4
Calculate (3 - 4) + -1 + 6 - 4.
0
What is (18 - 11) + (2 - 4)?
5
Calculate (4 - (3 - 8)) + -6.
3
What is 8 - (0 + -1 - (-21 - -8))?
-4
Evaluate 2 - (5 + 0 + 1).
-4
What is the value of 5 + -1 + 3 - (90 + -84)?
1
2 + (-1 - (0 - -3))
-2
What is -4 + (0 - (-2 - 0))?
-2
-26 + 22 - (1 + -4)
-1
Calculate 1 + -3 + (-6 - -7).
-1
Evaluate -1 - -1 - (8 - (7 - 0)).
-1
(6 + -3 - -1) + 3 - 4
3
What is (-19 - -13) + (-4 - -1)?
-9
What is (0 - -5 - 5) + (0 - 2)?
-2
Evaluate (0 - (-5 + 7)) + 3.
1
What is (-5 - -12) + 0 + (-3 - 1)?
3
What is the value of -9 + -10 + 12 - -1?
-6
Evaluate 1 + (2 - 1) + -60 + 60.
2
Calculate (4 - 10) + 1 + 1.
-4
Evaluate 6 + -3 + 2 + -7.
-2
Calculate 6 + -4 - (2 + 0) - -1.
1
Calculate 1 + -4 + 1 + -3 + 10.
5
Evaluate (1 + -4 - -1) + 6.
4
Calculate -2 + (-5 - 1) + 7 + 3.
2
What is the value of -2 - -6 - (1 + (-5 - -3))?
5
What is -6 - ((4 - (5 + 0)) + 0)?
-5
Evaluate (-1 - -2) + 4 - 0.
5
Calculate 15 + (-10 - -5) + -6.
4
What is 5 - (1 + 2 + -4)?
6
What is the value of 5 - 6 - (-3 + -2)?
4
2 + -12 + (-6 - 1 - -11)
-6
Evaluate (0 - (2 + 11)) + 0 + 8.
-5
Evaluate 17 + (13 + -22 - 0).
8
Calculate -10 - (11 + -39) - 8.
10
-28 - -29 - (0 + 1)
0
What is 10 - 5 - (1 - (2 + -1))?
5
Calculate (-3 + -3 - -2) + -1.
-5
-6 - -1 - (10 + -17)
2
Calculate -3 - (-1 - -3 - -1 - 1).
-5
Evaluate (-4 - (-8 - -4)) + -5.
-5
Calculate (9 - 13) + -2 + 5.
-1
What is 2 - (-6 - -10 - (1 + 0))?
-1
Calculate -6 + (3 - (6 + -5)) + 7.
3
Calculate -10 - (1 + (-30 - -11)).
8
What is the value of 2 + 4 + (3 - 6)?
3
-1 + (-3 - (3 + 0 + -3))
-4
9 + -8 + -5 + 4 + 2
2
Evaluate 18 - 14 - (2 - -5).
-3
What is the value of 3 + (-10 - (-5 + 5 + -6))?
-1
Calculate 2 + 0 + -1 + 1.
2
What is (16 - 21) + (-2 - -1)?
-6
What is -2 - (5 + 1 + -2)?
-6
Evaluate -7 - (-2 + 0 - (-1 - -2)).
-4
What is (-2 - -15) + -2 - 7?
4
Calculate -5 + 0 + -7 + 16.
4
What is 1 - ((-12 - -5) + 4)?
4
Evaluate -18 + 24 + 8 + -20.
-6
-4 - -5 - (2 - (6 - 6))
-1
0 - -5 - 1 - (-1 - -5)
0
Calculate -2 + 3 - (1 - 2).
2
What is (15 - 16) + (1 - 0)?
0
Evaluate (1 + -3 + -2 - 4) + 3.
-5
What is 0 - -8 - (2 + (-10 - -5))?
11
What is the value of -5 - (6 + -19 + 7)?
1
What is (16 - 6 - 13) + (0 - -1)?
-2
(-4 - -12) + -5 - 6
-3
Calculate -3 + 9 + -2 - (-2 - 0).
6
(5 - 11 - -3) + 7
4
Evaluate (-22 - -29) + (-14 - -4).
-3
What is 5 + 2 - 5 - -2?
4
-22 + 19 - (-2 + 2)
-3
5 - (3 - 13) - 7
8
What is 8 - (-5 + 8) - 5 - -2?
2
Calculate -4 + 1 + 3 + 7 - 5.
2
Evaluate -7 - -11 - ((0 - -7) + 1).
-4
Evaluate -5 + (-1 - (-2 + 0)).
-4
(11 - 7) + 1 + -1
4
Calculate (0 - 0) + (-13 - -9).
-4
(1 - (-1 - 7)) + -5
4
Calculate (4 - (-2 - -1)) + (-1 - 1).
3
(10 - (1 - 1)) + 